{"id":66,"date":"2014-09-15T15:28:00","date_gmt":"2014-09-15T15:28:00","guid":{"rendered":"http:\/\/www.matesxtu.es\/es\/?page_id=66"},"modified":"2016-07-05T18:42:45","modified_gmt":"2016-07-05T17:42:45","slug":"calendari-presentacions-i-tallers","status":"publish","type":"page","link":"https:\/\/www.matesxtu.es\/es\/calendari-presentacions-i-tallers\/","title":{"rendered":"PRESENTACIONES Y TALLERES"},"content":{"rendered":"<p>Peri\u00f3dicamente se realizar\u00e1n presentaciones y talleres los viernes por la tarde a partir de las 15:00 horas.<\/p>\n<p>Las presentaciones estar\u00e1n dirigidas a padres que quieran conocer el sistema y la filosof\u00eda de MATESxTU. Se organizar\u00e1n grupos de unas ocho personas, con cita previa.<\/p>\n<p>Los talleres ser\u00e1n para familias de alumnos matriculados. Fabricaremos juegos de matem\u00e1ticas o ense\u00f1aremos a los padres a utilizar los materiales manipulables que se usan en la escuela. La elaboraci\u00f3n de materiales permite implicar a los alumnos en el proceso de aprendizaje y prescindir de los m\u00e9todos tradicionales de l\u00e1piz y papel.<\/p>\n<p><a href=\"https:\/\/www.matesxtu.es\/es\/wp-content\/uploads\/sites\/2\/2014\/09\/MATESxTU-9513.jpg\"><img loading=\"lazy\" decoding=\"async\" data-attachment-id=\"104\" data-permalink=\"https:\/\/www.matesxtu.es\/es\/calendari-presentacions-i-tallers\/matesxtu-9513\/\" data-orig-file=\"https:\/\/www.matesxtu.es\/es\/wp-content\/uploads\/sites\/2\/2014\/09\/MATESxTU-9513-e1410876469730.jpg\" data-orig-size=\"480,318\" data-comments-opened=\"1\" data-image-meta=\"{&quot;aperture&quot;:&quot;5.6&quot;,&quot;credit&quot;:&quot;&quot;,&quot;camera&quot;:&quot;NIKON D7000&quot;,&quot;caption&quot;:&quot;&quot;,&quot;created_timestamp&quot;:&quot;1409336645&quot;,&quot;copyright&quot;:&quot;&quot;,&quot;focal_length&quot;:&quot;31&quot;,&quot;iso&quot;:&quot;400&quot;,&quot;shutter_speed&quot;:&quot;0.016666666666667&quot;,&quot;title&quot;:&quot;&quot;}\" data-image-title=\"MATESxTU-9513\" data-image-description=\"\" data-image-caption=\"\" data-medium-file=\"https:\/\/www.matesxtu.es\/es\/wp-content\/uploads\/sites\/2\/2014\/09\/MATESxTU-9513-300x198.jpg\" data-large-file=\"https:\/\/www.matesxtu.es\/es\/wp-content\/uploads\/sites\/2\/2014\/09\/MATESxTU-9513-1024x678.jpg\" class=\"size-large wp-image-104 aligncenter\" src=\"https:\/\/www.matesxtu.es\/es\/wp-content\/uploads\/sites\/2\/2014\/09\/MATESxTU-9513-1024x678.jpg\" alt=\"MATESxTU-9513\" width=\"474\" height=\"313\" \/><\/a><\/p>\n","protected":false},"excerpt":{"rendered":"<p>Peri\u00f3dicamente se realizar\u00e1n presentaciones y talleres los viernes por la tarde a partir de las 15:00 horas. Las presentaciones estar\u00e1n dirigidas a padres que quieran conocer el sistema y la filosof\u00eda de MATESxTU. Se organizar\u00e1n grupos de unas ocho personas, con cita previa. Los talleres ser\u00e1n para familias de alumnos matriculados. Fabricaremos juegos de matem\u00e1ticas [&hellip;]<\/p>\n","protected":false},"author":1,"featured_media":0,"parent":0,"menu_order":0,"comment_status":"closed","ping_status":"open","template":"page-templates\/full-width.php","meta":{"jetpack_post_was_ever_published":false,"footnotes":""},"class_list":["post-66","page","type-page","status-publish","hentry"],"yoast_head":"<!-- This site is optimized with the Yoast SEO plugin v25.8 - https:\/\/yoast.com\/wordpress\/plugins\/seo\/ -->\n<title>PRESENTACIONES Y TALLERES - MATESxTU educaci\u00f3n<\/title>\n<meta name=\"robots\" content=\"index, follow, max-snippet:-1, max-image-preview:large, max-video-preview:-1\" \/>\n<link rel=\"canonical\" href=\"https:\/\/www.matesxtu.es\/es\/calendari-presentacions-i-tallers\/\" \/>\n<meta property=\"og:locale\" content=\"es_ES\" \/>\n<meta property=\"og:type\" content=\"article\" \/>\n<meta property=\"og:title\" content=\"PRESENTACIONES Y TALLERES - MATESxTU educaci\u00f3n\" \/>\n<meta property=\"og:description\" content=\"Peri\u00f3dicamente se realizar\u00e1n presentaciones y talleres los viernes por la tarde a partir de las 15:00 horas. Las presentaciones estar\u00e1n dirigidas a padres que quieran conocer el sistema y la filosof\u00eda de MATESxTU. Se organizar\u00e1n grupos de unas ocho personas, con cita previa. Los talleres ser\u00e1n para familias de alumnos matriculados. Fabricaremos juegos de matem\u00e1ticas [&hellip;]\" \/>\n<meta property=\"og:url\" content=\"https:\/\/www.matesxtu.es\/es\/calendari-presentacions-i-tallers\/\" \/>\n<meta property=\"og:site_name\" content=\"MATESxTU educaci\u00f3n\" \/>\n<meta property=\"article:publisher\" content=\"https:\/\/www.facebook.com\/Matesxtu-1465218103742467\/\" \/>\n<meta property=\"article:modified_time\" content=\"2016-07-05T17:42:45+00:00\" \/>\n<meta property=\"og:image\" content=\"http:\/\/www.matesxtu.es\/es\/wp-content\/uploads\/sites\/2\/2014\/09\/MATESxTU-9513-1024x678.jpg\" \/>\n<meta name=\"twitter:card\" content=\"summary_large_image\" \/>\n<meta name=\"twitter:site\" content=\"@elenabarberomxt\" \/>\n<meta name=\"twitter:label1\" content=\"Tiempo de lectura\" \/>\n\t<meta name=\"twitter:data1\" content=\"1 minuto\" \/>\n<script type=\"application\/ld+json\" class=\"yoast-schema-graph\">{\"@context\":\"https:\/\/schema.org\",\"@graph\":[{\"@type\":\"WebPage\",\"@id\":\"https:\/\/www.matesxtu.es\/es\/calendari-presentacions-i-tallers\/\",\"url\":\"https:\/\/www.matesxtu.es\/es\/calendari-presentacions-i-tallers\/\",\"name\":\"PRESENTACIONES Y TALLERES - MATESxTU educaci\u00f3n\",\"isPartOf\":{\"@id\":\"https:\/\/www.matesxtu.es\/es\/#website\"},\"primaryImageOfPage\":{\"@id\":\"https:\/\/www.matesxtu.es\/es\/calendari-presentacions-i-tallers\/#primaryimage\"},\"image\":{\"@id\":\"https:\/\/www.matesxtu.es\/es\/calendari-presentacions-i-tallers\/#primaryimage\"},\"thumbnailUrl\":\"http:\/\/www.matesxtu.es\/es\/wp-content\/uploads\/sites\/2\/2014\/09\/MATESxTU-9513-1024x678.jpg\",\"datePublished\":\"2014-09-15T15:28:00+00:00\",\"dateModified\":\"2016-07-05T17:42:45+00:00\",\"breadcrumb\":{\"@id\":\"https:\/\/www.matesxtu.es\/es\/calendari-presentacions-i-tallers\/#breadcrumb\"},\"inLanguage\":\"es\",\"potentialAction\":[{\"@type\":\"ReadAction\",\"target\":[\"https:\/\/www.matesxtu.es\/es\/calendari-presentacions-i-tallers\/\"]}]},{\"@type\":\"ImageObject\",\"inLanguage\":\"es\",\"@id\":\"https:\/\/www.matesxtu.es\/es\/calendari-presentacions-i-tallers\/#primaryimage\",\"url\":\"http:\/\/www.matesxtu.es\/es\/wp-content\/uploads\/sites\/2\/2014\/09\/MATESxTU-9513-1024x678.jpg\",\"contentUrl\":\"http:\/\/www.matesxtu.es\/es\/wp-content\/uploads\/sites\/2\/2014\/09\/MATESxTU-9513-1024x678.jpg\"},{\"@type\":\"BreadcrumbList\",\"@id\":\"https:\/\/www.matesxtu.es\/es\/calendari-presentacions-i-tallers\/#breadcrumb\",\"itemListElement\":[{\"@type\":\"ListItem\",\"position\":1,\"name\":\"Inici\",\"item\":\"https:\/\/www.matesxtu.es\/es\/\"},{\"@type\":\"ListItem\",\"position\":2,\"name\":\"PRESENTACIONES Y TALLERES\"}]},{\"@type\":\"WebSite\",\"@id\":\"https:\/\/www.matesxtu.es\/es\/#website\",\"url\":\"https:\/\/www.matesxtu.es\/es\/\",\"name\":\"MATESxTU educaci\u00f3n\",\"description\":\"MATESxTU  = + x TODOS\",\"publisher\":{\"@id\":\"https:\/\/www.matesxtu.es\/es\/#organization\"},\"potentialAction\":[{\"@type\":\"SearchAction\",\"target\":{\"@type\":\"EntryPoint\",\"urlTemplate\":\"https:\/\/www.matesxtu.es\/es\/?s={search_term_string}\"},\"query-input\":{\"@type\":\"PropertyValueSpecification\",\"valueRequired\":true,\"valueName\":\"search_term_string\"}}],\"inLanguage\":\"es\"},{\"@type\":\"Organization\",\"@id\":\"https:\/\/www.matesxtu.es\/es\/#organization\",\"name\":\"MATESxTU Academia de matematicas\",\"url\":\"https:\/\/www.matesxtu.es\/es\/\",\"logo\":{\"@type\":\"ImageObject\",\"inLanguage\":\"es\",\"@id\":\"https:\/\/www.matesxtu.es\/es\/#\/schema\/logo\/image\/\",\"url\":\"https:\/\/www.matesxtu.es\/es\/wp-content\/uploads\/sites\/2\/2021\/02\/logo_matesxtu_A4-2-e1612497302468.png\",\"contentUrl\":\"https:\/\/www.matesxtu.es\/es\/wp-content\/uploads\/sites\/2\/2021\/02\/logo_matesxtu_A4-2-e1612497302468.png\",\"width\":588,\"height\":499,\"caption\":\"MATESxTU Academia de matematicas\"},\"image\":{\"@id\":\"https:\/\/www.matesxtu.es\/es\/#\/schema\/logo\/image\/\"},\"sameAs\":[\"https:\/\/www.facebook.com\/Matesxtu-1465218103742467\/\",\"https:\/\/x.com\/elenabarberomxt\",\"https:\/\/www.instagram.com\/matesxtu\/\",\"https:\/\/www.linkedin.com\/in\/elena-barbero-revert\u00e9-aa8a4160\/\",\"https:\/\/www.youtube.com\/channel\/UCYS6kEJxsS2mT6VGEkNFOFQ\"]}]}<\/script>\n<!-- \/ Yoast SEO plugin. -->","yoast_head_json":{"title":"PRESENTACIONES Y TALLERES - MATESxTU educaci\u00f3n","robots":{"index":"index","follow":"follow","max-snippet":"max-snippet:-1","max-image-preview":"max-image-preview:large","max-video-preview":"max-video-preview:-1"},"canonical":"https:\/\/www.matesxtu.es\/es\/calendari-presentacions-i-tallers\/","og_locale":"es_ES","og_type":"article","og_title":"PRESENTACIONES Y TALLERES - MATESxTU educaci\u00f3n","og_description":"Peri\u00f3dicamente se realizar\u00e1n presentaciones y talleres los viernes por la tarde a partir de las 15:00 horas. Las presentaciones estar\u00e1n dirigidas a padres que quieran conocer el sistema y la filosof\u00eda de MATESxTU. Se organizar\u00e1n grupos de unas ocho personas, con cita previa. Los talleres ser\u00e1n para familias de alumnos matriculados. Fabricaremos juegos de matem\u00e1ticas [&hellip;]","og_url":"https:\/\/www.matesxtu.es\/es\/calendari-presentacions-i-tallers\/","og_site_name":"MATESxTU educaci\u00f3n","article_publisher":"https:\/\/www.facebook.com\/Matesxtu-1465218103742467\/","article_modified_time":"2016-07-05T17:42:45+00:00","og_image":[{"url":"http:\/\/www.matesxtu.es\/es\/wp-content\/uploads\/sites\/2\/2014\/09\/MATESxTU-9513-1024x678.jpg","type":"","width":"","height":""}],"twitter_card":"summary_large_image","twitter_site":"@elenabarberomxt","twitter_misc":{"Tiempo de lectura":"1 minuto"},"schema":{"@context":"https:\/\/schema.org","@graph":[{"@type":"WebPage","@id":"https:\/\/www.matesxtu.es\/es\/calendari-presentacions-i-tallers\/","url":"https:\/\/www.matesxtu.es\/es\/calendari-presentacions-i-tallers\/","name":"PRESENTACIONES Y TALLERES - MATESxTU educaci\u00f3n","isPartOf":{"@id":"https:\/\/www.matesxtu.es\/es\/#website"},"primaryImageOfPage":{"@id":"https:\/\/www.matesxtu.es\/es\/calendari-presentacions-i-tallers\/#primaryimage"},"image":{"@id":"https:\/\/www.matesxtu.es\/es\/calendari-presentacions-i-tallers\/#primaryimage"},"thumbnailUrl":"http:\/\/www.matesxtu.es\/es\/wp-content\/uploads\/sites\/2\/2014\/09\/MATESxTU-9513-1024x678.jpg","datePublished":"2014-09-15T15:28:00+00:00","dateModified":"2016-07-05T17:42:45+00:00","breadcrumb":{"@id":"https:\/\/www.matesxtu.es\/es\/calendari-presentacions-i-tallers\/#breadcrumb"},"inLanguage":"es","potentialAction":[{"@type":"ReadAction","target":["https:\/\/www.matesxtu.es\/es\/calendari-presentacions-i-tallers\/"]}]},{"@type":"ImageObject","inLanguage":"es","@id":"https:\/\/www.matesxtu.es\/es\/calendari-presentacions-i-tallers\/#primaryimage","url":"http:\/\/www.matesxtu.es\/es\/wp-content\/uploads\/sites\/2\/2014\/09\/MATESxTU-9513-1024x678.jpg","contentUrl":"http:\/\/www.matesxtu.es\/es\/wp-content\/uploads\/sites\/2\/2014\/09\/MATESxTU-9513-1024x678.jpg"},{"@type":"BreadcrumbList","@id":"https:\/\/www.matesxtu.es\/es\/calendari-presentacions-i-tallers\/#breadcrumb","itemListElement":[{"@type":"ListItem","position":1,"name":"Inici","item":"https:\/\/www.matesxtu.es\/es\/"},{"@type":"ListItem","position":2,"name":"PRESENTACIONES Y TALLERES"}]},{"@type":"WebSite","@id":"https:\/\/www.matesxtu.es\/es\/#website","url":"https:\/\/www.matesxtu.es\/es\/","name":"MATESxTU educaci\u00f3n","description":"MATESxTU  = + x TODOS","publisher":{"@id":"https:\/\/www.matesxtu.es\/es\/#organization"},"potentialAction":[{"@type":"SearchAction","target":{"@type":"EntryPoint","urlTemplate":"https:\/\/www.matesxtu.es\/es\/?s={search_term_string}"},"query-input":{"@type":"PropertyValueSpecification","valueRequired":true,"valueName":"search_term_string"}}],"inLanguage":"es"},{"@type":"Organization","@id":"https:\/\/www.matesxtu.es\/es\/#organization","name":"MATESxTU Academia de matematicas","url":"https:\/\/www.matesxtu.es\/es\/","logo":{"@type":"ImageObject","inLanguage":"es","@id":"https:\/\/www.matesxtu.es\/es\/#\/schema\/logo\/image\/","url":"https:\/\/www.matesxtu.es\/es\/wp-content\/uploads\/sites\/2\/2021\/02\/logo_matesxtu_A4-2-e1612497302468.png","contentUrl":"https:\/\/www.matesxtu.es\/es\/wp-content\/uploads\/sites\/2\/2021\/02\/logo_matesxtu_A4-2-e1612497302468.png","width":588,"height":499,"caption":"MATESxTU Academia de matematicas"},"image":{"@id":"https:\/\/www.matesxtu.es\/es\/#\/schema\/logo\/image\/"},"sameAs":["https:\/\/www.facebook.com\/Matesxtu-1465218103742467\/","https:\/\/x.com\/elenabarberomxt","https:\/\/www.instagram.com\/matesxtu\/","https:\/\/www.linkedin.com\/in\/elena-barbero-revert\u00e9-aa8a4160\/","https:\/\/www.youtube.com\/channel\/UCYS6kEJxsS2mT6VGEkNFOFQ"]}]}},"jetpack_sharing_enabled":true,"_links":{"self":[{"href":"https:\/\/www.matesxtu.es\/es\/wp-json\/wp\/v2\/pages\/66","targetHints":{"allow":["GET"]}}],"collection":[{"href":"https:\/\/www.matesxtu.es\/es\/wp-json\/wp\/v2\/pages"}],"about":[{"href":"https:\/\/www.matesxtu.es\/es\/wp-json\/wp\/v2\/types\/page"}],"author":[{"embeddable":true,"href":"https:\/\/www.matesxtu.es\/es\/wp-json\/wp\/v2\/users\/1"}],"replies":[{"embeddable":true,"href":"https:\/\/www.matesxtu.es\/es\/wp-json\/wp\/v2\/comments?post=66"}],"version-history":[{"count":8,"href":"https:\/\/www.matesxtu.es\/es\/wp-json\/wp\/v2\/pages\/66\/revisions"}],"predecessor-version":[{"id":654,"href":"https:\/\/www.matesxtu.es\/es\/wp-json\/wp\/v2\/pages\/66\/revisions\/654"}],"wp:attachment":[{"href":"https:\/\/www.matesxtu.es\/es\/wp-json\/wp\/v2\/media?parent=66"}],"curies":[{"name":"wp","href":"https:\/\/api.w.org\/{rel}","templated":true}]}}

<p>Periódicamente se realizarán presentaciones y talleres los viernes por la tarde a partir de las 15:00 horas.</p>
<p>Las presentaciones estarán dirigidas a padres que quieran conocer el sistema y la filosofía de MATESxTU. Se organizarán grupos de unas ocho personas, con cita previa.</p>
<p>Los talleres serán para familias de alumnos matriculados. Fabricaremos juegos de matemáticas o enseñaremos a los padres a utilizar los materiales manipulables que se usan en la escuela. La elaboración de materiales permite implicar a los alumnos en el proceso de aprendizaje y prescindir de los métodos tradicionales de lápiz y papel.</p>
<p><a href="https://www.matesxtu.es/es/wp-content/uploads/sites/2/2014/09/MATESxTU-9513.jpg"><img loading="lazy" decoding="async" data-attachment-id="104" data-permalink="https://www.matesxtu.es/es/calendari-presentacions-i-tallers/matesxtu-9513/" data-orig-file="https://www.matesxtu.es/es/wp-content/uploads/sites/2/2014/09/MATESxTU-9513-e1410876469730.jpg" data-orig-size="480,318" data-comments-opened="1" data-image-meta="{&quot;aperture&quot;:&quot;5.6&quot;,&quot;credit&quot;:&quot;&quot;,&quot;camera&quot;:&quot;NIKON D7000&quot;,&quot;caption&quot;:&quot;&quot;,&quot;created_timestamp&quot;:&quot;1409336645&quot;,&quot;copyright&quot;:&quot;&quot;,&quot;focal_length&quot;:&quot;31&quot;,&quot;iso&quot;:&quot;400&quot;,&quot;shutter_speed&quot;:&quot;0.016666666666667&quot;,&quot;title&quot;:&quot;&quot;}" data-image-title="MATESxTU-9513" data-image-description="" data-image-caption="" data-medium-file="https://www.matesxtu.es/es/wp-content/uploads/sites/2/2014/09/MATESxTU-9513-300x198.jpg" data-large-file="https://www.matesxtu.es/es/wp-content/uploads/sites/2/2014/09/MATESxTU-9513-1024x678.jpg" class="size-large wp-image-104 aligncenter" src="https://www.matesxtu.es/es/wp-content/uploads/sites/2/2014/09/MATESxTU-9513-1024x678.jpg" alt="MATESxTU-9513" width="474" height="313" /></a></p>

<p>Periódicamente se realizarán presentaciones y talleres los viernes por la tarde a partir de las 15:00 horas. Las presentaciones estarán dirigidas a padres que quieran conocer el sistema y la filosofía de MATESxTU. Se organizarán grupos de unas ocho personas, con cita previa. Los talleres serán para familias de alumnos matriculados. Fabricaremos juegos de matemáticas [&hellip;]</p>

<!-- This site is optimized with the Yoast SEO plugin v25.8 - https://yoast.com/wordpress/plugins/seo/ -->
<title>PRESENTACIONES Y TALLERES - MATESxTU educación</title>
<meta name="robots" content="index, follow, max-snippet:-1, max-image-preview:large, max-video-preview:-1" />
<link rel="canonical" href="https://www.matesxtu.es/es/calendari-presentacions-i-tallers/" />
<meta property="og:locale" content="es_ES" />
<meta property="og:type" content="article" />
<meta property="og:title" content="PRESENTACIONES Y TALLERES - MATESxTU educación" />
<meta property="og:description" content="Periódicamente se realizarán presentaciones y talleres los viernes por la tarde a partir de las 15:00 horas. Las presentaciones estarán dirigidas a padres que quieran conocer el sistema y la filosofía de MATESxTU. Se organizarán grupos de unas ocho personas, con cita previa. Los talleres serán para familias de alumnos matriculados. Fabricaremos juegos de matemáticas [&hellip;]" />
<meta property="og:url" content="https://www.matesxtu.es/es/calendari-presentacions-i-tallers/" />
<meta property="og:site_name" content="MATESxTU educación" />
<meta property="article:publisher" content="https://www.facebook.com/Matesxtu-1465218103742467/" />
<meta property="article:modified_time" content="2016-07-05T17:42:45+00:00" />
<meta property="og:image" content="http://www.matesxtu.es/es/wp-content/uploads/sites/2/2014/09/MATESxTU-9513-1024x678.jpg" />
<meta name="twitter:card" content="summary_large_image" />
<meta name="twitter:site" content="@elenabarberomxt" />
<meta name="twitter:label1" content="Tiempo de lectura" />
	<meta name="twitter:data1" content="1 minuto" />
<script type="application/ld+json" class="yoast-schema-graph">{"@context":"https://schema.org","@graph":[{"@type":"WebPage","@id":"https://www.matesxtu.es/es/calendari-presentacions-i-tallers/","url":"https://www.matesxtu.es/es/calendari-presentacions-i-tallers/","name":"PRESENTACIONES Y TALLERES - MATESxTU educación","isPartOf":{"@id":"https://www.matesxtu.es/es/#website"},"primaryImageOfPage":{"@id":"https://www.matesxtu.es/es/calendari-presentacions-i-tallers/#primaryimage"},"image":{"@id":"https://www.matesxtu.es/es/calendari-presentacions-i-tallers/#primaryimage"},"thumbnailUrl":"http://www.matesxtu.es/es/wp-content/uploads/sites/2/2014/09/MATESxTU-9513-1024x678.jpg","datePublished":"2014-09-15T15:28:00+00:00","dateModified":"2016-07-05T17:42:45+00:00","breadcrumb":{"@id":"https://www.matesxtu.es/es/calendari-presentacions-i-tallers/#breadcrumb"},"inLanguage":"es","potentialAction":[{"@type":"ReadAction","target":["https://www.matesxtu.es/es/calendari-presentacions-i-tallers/"]}]},{"@type":"ImageObject","inLanguage":"es","@id":"https://www.matesxtu.es/es/calendari-presentacions-i-tallers/#primaryimage","url":"http://www.matesxtu.es/es/wp-content/uploads/sites/2/2014/09/MATESxTU-9513-1024x678.jpg","contentUrl":"http://www.matesxtu.es/es/wp-content/uploads/sites/2/2014/09/MATESxTU-9513-1024x678.jpg"},{"@type":"BreadcrumbList","@id":"https://www.matesxtu.es/es/calendari-presentacions-i-tallers/#breadcrumb","itemListElement":[{"@type":"ListItem","position":1,"name":"Inici","item":"https://www.matesxtu.es/es/"},{"@type":"ListItem","position":2,"name":"PRESENTACIONES Y TALLERES"}]},{"@type":"WebSite","@id":"https://www.matesxtu.es/es/#website","url":"https://www.matesxtu.es/es/","name":"MATESxTU educación","description":"MATESxTU  = + x TODOS","publisher":{"@id":"https://www.matesxtu.es/es/#organization"},"potentialAction":[{"@type":"SearchAction","target":{"@type":"EntryPoint","urlTemplate":"https://www.matesxtu.es/es/?s={search_term_string}"},"query-input":{"@type":"PropertyValueSpecification","valueRequired":true,"valueName":"search_term_string"}}],"inLanguage":"es"},{"@type":"Organization","@id":"https://www.matesxtu.es/es/#organization","name":"MATESxTU Academia de matematicas","url":"https://www.matesxtu.es/es/","logo":{"@type":"ImageObject","inLanguage":"es","@id":"https://www.matesxtu.es/es/#/schema/logo/image/","url":"https://www.matesxtu.es/es/wp-content/uploads/sites/2/2021/02/logo_matesxtu_A4-2-e1612497302468.png","contentUrl":"https://www.matesxtu.es/es/wp-content/uploads/sites/2/2021/02/logo_matesxtu_A4-2-e1612497302468.png","width":588,"height":499,"caption":"MATESxTU Academia de matematicas"},"image":{"@id":"https://www.matesxtu.es/es/#/schema/logo/image/"},"sameAs":["https://www.facebook.com/Matesxtu-1465218103742467/","https://x.com/elenabarberomxt","https://www.instagram.com/matesxtu/","https://www.linkedin.com/in/elena-barbero-reverté-aa8a4160/","https://www.youtube.com/channel/UCYS6kEJxsS2mT6VGEkNFOFQ"]}]}</script>
<!-- / Yoast SEO plugin. -->

PRESENTACIONES Y TALLERES - MATESxTU educación

Periódicamente se realizarán presentaciones y talleres los viernes por la tarde a partir de las 15:00 horas. Las presentaciones estarán dirigidas a padres que quieran conocer el sistema y la filosofía de MATESxTU. Se organizarán grupos de unas ocho personas, con cita previa. Los talleres serán para familias de alumnos matriculados. Fabricaremos juegos de matemáticas [&hellip;]

MATESxTU educación

https://www.linkedin.com/in/elena-barbero-reverté-aa8a4160/
